of h**5/40 + h**4/6 - h**3/3 - 5. Let l(n) be the third derivative of v(n). Give l(a).
-8
Let z(k) = 2*k - 1. Suppose 61 = 3*r - 4*n, 0*n + 33 = 3*r + 3*n. Suppose -5*c - 21 = 2*j - 0*j, 4*c + r = -j. Determine z(j).
-7
Let d be (-102)/(-21) + 5/35. Let f(q) = q - 1. Determine f(d).
4
Let u(v) = 3*v**2 - 5 - 3 + 6 + 3. What is u(-1)?
4
Suppose 3*p = -5*k + 21, -11 = -0*p + 2*p - 5*k. Suppose -2*x - 2*q - p = 0, 14 = 4*q - 2. Let d(w) = -w**2 - 7*w - 7. Determine d(x).
3
Suppose 0 = -3*m - c + 4, -5*m + 5*c = 3*c + 8. Let u(x) be the second derivative of -x**4/12 + 2*x**2 - x. Let h be u(m). Let n(v) = v**2 - 6*v + 5. Give n(h).
-3
Let x be -5*(-3 + 4) - -2. Let z(n) = 25*n + 5. Let b(a) = 17*a + 3. Let p(s) = -7*b(s) + 5*z(s). Give p(x).
-14
Let c(v) = -2*v - 6. Suppose -n - 14 = -1. Let q(z) = -z**3 + 6*z**2 + 9*z - 5. Let k be q(7). Let i = n + k. What is c(i)?
2
Let o(g) = 0 - 2 + 77*g - 78*g. Calculate o(-6).
4
Let k be -3*6/9 + 6. Suppose 0 = -k*g - 11 - 21. Let i be (1 - 1)/(g - -7). Let r(o) = -o**3 + o + 4. What is r(i)?
4
Let s(b) = -2*b**2 + 2*b + 2. Let w(c) = 6*c**2 - 7*c - 6. Let t(m) = 7*s(m) + 2*w(m). Determine t(-2).
-6
Let a(k) be the third derivative of k**6/120 - k**5/30 - 5*k**4/24 - k**3/3 + 7*k**2. Determine a(4).
10
Let a(u) = -u**3 - 15*u**2 + 16*u + 7. Let c = -45 + 29. Let k be a(c). Let g(f) = f**2 - 9*f + 10. Calculate g(k).
-4
Let j(n) = n**3 - 4*n**2 + 3*n + 1. Let w = -14 + 7. Let h = w - -10. Determine j(h).
1
Let n(f) = f + 4. Let b be (-3)/((-3)/(-32)*4). Let t be n(b). Let m(z) = z**3 + 5*z**2 + 3*z - 5. What is m(t)?
-1
Let y be 1/2 + 1/(-2). Let j(o) = 20 - 15 - o**2 - 8*o**3 + 7*o**3 - o. Calculate j(y).
5
Let m(h) = -h**3 - 2*h + 1. Let n(i) = i**3 - 2*i**2 - 24*i + 1. Let a be n(6). Calculate m(a).
-2
Let b(t) = t**3 + t**2 - 9*t + 4. Let u(i) = i**3 + 2*i**2 - 10*i + 4. Let z(o) = -5*b(o) + 4*u(o). Let x = -4 + 8. What is z(x)?
0
Let m(g) = g**2 - 6*g + 2. Let o(b) = -b - 2. Let a be o(-7). Suppose a*d - 3*p - 24 = -4*p, -3*p - 28 = -5*d. Calculate m(d).
-3
Let k(a) = -a**2 + 5*a**2 + 3*a + 0*a + 6 - a**3 + 0*a. What is k(5)?
-4
Let d(r) = 7*r**2 - 1 + 3 - 3. Let p be (0/3 - 5) + 1. Let f = p + 5. What is d(f)?
6
Let b(x) = -3*x + 4. Suppose -2*g = 3*g - 10. Suppose -h = -g*h + 4. Let a be 2 + -2*(-2)/h. Give b(a).
-5
Suppose 6*y + 5*y = -55. Let k(o) = o**3 + 4*o**2 - 3*o + 4. Give k(y).
-6
Let a(w) = -2*w**2 + 4*w + 2. Let t(z) = 4*z**2 - 9*z - 4. Suppose -3*x = -6*x - 27. Let c(m) = x*a(m) - 4*t(m). Calculate c(2).
6
Let x(s) = 3*s - 2. Suppose -3*o + j + 8 = 0, 2*j + 4 + 0 = 2*o. Calculate x(o).
7
Suppose -l + 5 = 2*g + 3*g, 4*g = 5*l - 25. Let o be l - -2*(-2)/4. Let x(j) = -j**3 + 3*j**2 + 4*j + 1. What is x(o)?
1
Suppose 4*j = 5*h - 3*h + 10, h - 4 = -j. Let m(s) = -1 - 2*s**2 - s**2 + j + 4*s**2 - 5*s. Calculate m(6).
8
Let n(v) be the first derivative of -1/2*v**4 + 7/2*v**2 + 2 - 3*v - 1/20*v**5 + 1/6*v**3. Let s(f) be the first derivative of n(f). Determine s(-6).
1
Let z(j) = -3*j + 1. Let n(s) = -6*s + 1. Let i(p) = -3*n(p) + 5*z(p). Determine i(2).
8
Let w(h) = -2*h + 5. Suppose 20 = 4*c - 3*v, 0 = c + v - 3*v. Suppose 3*b + 5*k = 2 - 10, 0 = -b + k + c. Calculate w(b).
-3
Suppose -p + 4*q + 8 = 2*p, -2*q = -2*p + 6. Suppose p*r + 4 = 3*r. Let v(h) = h**3 + 5*h**2 + 4*h + 5. What is v(r)?
5
Let p(v) = -2*v**2 - 3*v. Let c(w) = -w**3 - 2*w**2 + 5*w + 4. Let i be c(-3). Let k = 2 + i. Suppose k = 4*f - 6 + 14. Give p(f).
-2
Suppose -4*s = 2*q - 10, -5*s - 3*q + 9 = -2*s. Let y be 2/7 + 38/14. Let h(w) = w**2 + 0*w**s + 1 - y - 5*w. What is h(4)?
-6
Suppose y - 60 = -3*y - r, 3*y - 4*r = 64. Suppose -11*d + y*d = 30. Let u(v) = v**3 - 7*v**2 + 4*v - 5. Calculate u(d).
-17
Suppose -6*y - 3 = 15. Let o(p) = p**3 + p**2 - p + 4. Determine o(y).
-11
Let y(u) = -u + 6 + 5 + 7. Determine y(0).
18
Suppose 21 = 10*s - 19. Let z(p) = -p**3 + 3*p**2 + 6*p - 6. Determine z(s).
2
Let w(v) = v**2 - v + 1. Let c(s) = -s**2 - s + 1. Let t(z) = 6*c(z) - 6*w(z). Calculate t(1).
-12
Let x(h) = h**3 - 6*h**2 + 6*h - 6. Let y = 1 + 4. Calculate x(y).
-1
Let c(l) = -l. Let q(i) = 3*i + 5. Let t(p) = p + 1. Let n be t(-5). Suppose 6*b + 7 - 1 = 0. Let u(k) = b*q(k) + n*c(k). Give u(4).
-1
Let c = 6 - 4. Let n(b) be the second derivative of -1/4*b**4 + 1/6*b**3 - b**2 - 5*b + 0. Determine n(c).
-12
Suppose 23 = 5*c - 22. Let b(v) = v**3 - 9*v**2 - 2*v + 4. What is b(c)?
-14
Let r(b) = 2*b**2 - 2*b**2 - 2*b + 142 - 143 + b**2. Calculate r(-1).
2
Let d(a) be the third derivative of a**5/60 + a**4/8 - a**3/3 - 4*a**2. Let q be (-14)/4 - (-6)/4. Let t(k) = -k**2. Let j be t(q). What is d(j)?
2
Let l(p) = -48 + 14 + 14 + p + 19. Give l(-9).
-10
Let c(g) = g**2 - 9*g - 3. Let p = -28 + 37. Determine c(p).
-3
Let o(k) = k**3 + 8*k**2 - 1. Suppose b + 33 = -5*p, 3*b - 2*p + 6 = -8. What is o(b)?
-1
Suppose j + 9 = 4*x - 4, x - 22 = 4*j. Let z(f) = f**2 - f - 1. Let s be z(x). Let w(i) = 10*i - 1. Calculate w(s).
9
Suppose 6 = 5*h - 8*h. Let i(x) = -x + 1. Let n(k) = -3*k - 6. Let r(c) = 5*i(c) + n(c). What is r(h)?
15
Let l(b) be the first derivative of -b**3/3 + b**2/2 - 17. Give l(0).
0
Let p(j) be the first derivative of -j**4/4 - 2*j**3/3 + 2*j**2 + j + 4. What is p(-3)?
-2
Let b = 1 + -6. Let r(g) = g**2 + 3*g - 7. Give r(b).
3
Let p(r) = -r**2 - 1. Let k(c) = c**2 - c + 1. Let v(g) = 4*k(g) + 5*p(g). Let m(t) = t**3 - 3*t**2 - 2*t + 2. Let h be m(3). Calculate v(h).
-1
Suppose -i = -3*i + 4. Suppose 8 + i = 5*v. Let f(j) = 7 - v - 1 + j**2 + 6*j. Give f(-5).
-1
Let m = -29 - -17. Let i be (-4)/m + 1/(-3). Let o(w) = -4 - 2*w + 5*w - 2*w. Determine o(i).
-4
Let g = -13 + 11. Let q(i) be the first derivative of i**6/360 - i**5/120 - i**4/24 - i**3 - 4. Let v(r) be the third derivative of q(r). Determine v(g).
5
Let l(r) = -r + 7. Let k(x) = -1. Let p(f) = -4*k(f) - l(f). Let v be 4/6 - (-14)/(-3). Calculate p(v).
-7
Suppose 2*g - 1 = 2*f + 9, 11 = 2*g - f. Let m(i) = -i**3 - i**2. Let s(k) = 5*k**3 + 10*k**2 + 3*k + 4. Let w(o) = g*m(o) + s(o). Give w(5).
-6
Let v(h) = h**3. Suppose z - 12 = -2*z. Suppose -z*p - 3 = 1. Determine v(p).
-1
Let d(v) = -2*v + 5. Let z(c) = -c. Let w(y) = d(y) + z(y). Give w(5).
-10
Suppose -4*a - w - 10 = -2*a, 38 = -5*a + 4*w. Let c be 27/(-18)*4/a. Let x(o) = 29*o + 3. Let k(v) = -10*v - 1. Let z(j) = -17*k(j) - 6*x(j). What is z(c)?
-5
Let m(q) = -q**2. Suppose 0 = -d + 4 - 5. Let w(h) = -6*h + 6*h**2 - 3*h**2 + 3 + 0*h**2. Let v(p) = d*w(p) - 2*m(p). Determine v(3).
6
Suppose -4*i - 12 = -10*i. Let z(q) = 7*q**2 + q. Determine z(i).
30
Let m(q) be the second derivative of q**5/20 - 2*q**4/3 - 5*q**3/3 + 6*q**2 - 14*q. Calculate m(9).
3
Suppose 0*d = d - a - 6, -2*d - 3*a = -2. Suppose 4*n = -d*t - 8, -16 - 2 = -3*t + 3*n. Let o(z) = -z**2 + 2*z. What is o(t)?
0
Let o(k) = k**3 + 3*k**2 - k + 1. Let h(m) = -m**3 - 2*m**2 + 7*m + 9. Let y be h(-3). What is o(y)?
4
Let k(a) = 2*a**3 + 6*a**2 - a - 5. Let w be k(-3). Let c(v) = 2*v**2 + 2*v. What is c(w)?
4
Suppose -5*t - 3*b + 3 = -0, -4*b - 22 = -2*t. Let n(w) be the first derivative of -w**2 - 3 - 1/4*w**4 + 4*w - 5/3*w**t. Give n(-4).
-4
Suppose 4*t + 10 = -3*h, 0 = 5*h + t - 10 + 4. Let n(g) = h + 3*g - 5*g + g + 0*g. Let s = 3 - 8. Give n(s).
7
Let c(d) = -d**2 + 4*d - d - 3*d. Give c(4).
-16
Let s be 10/(-15) + 26/(-6). Let i(v) = v + 7. Determine i(s).
2
Let f(r) = -r**2 + 4*r - 2. Let a = -21 - -23. Calculate f(a).
2
Let p be ((-266)/9)/7 - (-2)/9. Let f(v) = v - 1. Let i(m) = -3 + 0*m + 2*m + 2. Let c(a) = -f(a) + i(a). Determine c(p).
-4
Let f = -2 + 0. Let r(w) = w + 1. Let x(n) be the third derivative of -n**5/60 - n**4/4 - n**3/6 + 6*n**2. Let b(h) = 3*r(h) + x(h). Calculate b(f).
4
Let n be (1/2)/((-7)/(-42)). Let m be (-6)/(n - (-4)/(-4)). Let o(g) be the first derivative of g**3/3 + 5*g**2/2 + 4*g - 1. Calculate o(m).
-2
Suppose 2*w = q + 2, -3*w = -4*q - 4 - 4. Let s = 0 + 1. Let n(m) = -s - 2*m + 6*m - 2*m. Calculate n(q).
-5
Let j(t) = -t**2 + 10*t + 4. Let l be j(10). Suppose l*n - 6 = k, 2 = n + n - k. Let y(f) = -f - 1. What is y(n)?
-3
Let w(m) be the third derivative of m**5/20 - m**4/12 + m**3/6 + m**2. Let d(b) = b**3 - 4*b**2 + b - 1. Let z be d(4). Let j = z + -2. Give w(j).
2
Let u(g) be the third derivat